{"version":"1.0","provider_name":"Edit Nagy kreat\u00edv napl\u00f3","provider_url":"https:\/\/ediary.cafeblog.hu","author_name":"Edit Nagy","author_url":"https:\/\/ediary.cafeblog.hu\/author\/edit_nagy\/","title":"Gy\u0171jt\u0151knek!","html":"<p style=\"text-align: justify\">Ugyan kicsit megk\u00e9sve, de az\u00e9rt megosztom veletek, hogy k\u00e9sz\u00fclt\u00fcnk mi erre a mostani \u201erapid\u201d H\u00fasv\u00e9tra. Nem nagyon \u00e9rtem, hogy ki \u00e1ll\u00edtotta \u00f6ssze ezt a 2016-os esem\u00e9nynapt\u00e1rt, de nem sok id\u0151t hagyott nek\u00fcnk a toj\u00e1sfest\u00e9sre. J\u00f3l j\u00f6tt volna m\u00e9g p\u00e1r h\u00e9t a k\u00e9sz\u00fcl\u0151d\u00e9sre! V\u00e9g\u00fcl siker\u00fclt beszerezni mindent. Van sonka, van kal\u00e1cs, toj\u00e1s, jutott torma is - b\u00e1r az \u00e1ll\u00edt\u00f3lag \u00edgy az \u00fcnnep k\u00f6zeledt\u00e9vel igencsak hi\u00e1nycikk volt. Most el\u0151sz\u00f6r f\u0151zt\u00fck szabad t\u0171z\u00f6n, bogr\u00e1csban a sonk\u00e1t. Volt \u00e9rtelme nyelni a f\u00fcst\u00f6t! Am\u00edg v\u00e1rakoztunk s\u00fct\u00f6tt\u00fcnk egy kis keny\u00e9rl\u00e1ngost is a kemenc\u00e9ben. Na az valami szuper lett!!! G\u00e1bor!! Ez\u00faton is k\u00f6szi!!!<\/p>\r\n<p style=\"text-align: justify\">\u00a0<\/p>\r\n<p style=\"text-align: justify\">Minden \u00fcnnepre fel\u00e1ll\u00edtok egy koncepci\u00f3t magamban, hogy mit fogok k\u00e9sz\u00edteni, s\u00fctni stb. Nagyon komoly \u00e1lomv\u00e1rnak kell lennie, mert a v\u00e9g\u00e9n t\u00f6bbnyire megnyirb\u00e1lom. \u00cdgy legal\u00e1bb j\u00f3 es\u00e9llyel marad p\u00e1r \u00e9rtelmes \u00e9s kivitelezhet\u0151 \u00f6tlet is.<\/p>\r\n<p style=\"text-align: justify\">\u00a0<\/p>\r\n<p style=\"text-align: justify\">Egy reggel azzal \u00e9bredtem, hogy m\u00e1r el\u00e9g nagy a fiam, akinek az anyuk\u00e1j\u00e1ra azt mondj\u00e1k, hogy kreat\u00edv. Na ez a fi\u00fagyermek m\u00e9gsem mehet rekl\u00e1mt\u00e1sk\u00e1val locsolkodni. (Bevallom \u00edgy n\u00e9gyszemk\u00f6zt, hogy eddig nem is vitt mag\u00e1val soha. \u00c1ltal\u00e1ban a pedag\u00f3gus keresztanyja volt az, aki gondoskod\u00f3an egy zacsk\u00f3t nyomott a gyerek kez\u00e9be.) Sz\u00f3val megsz\u00fcletett az elhat\u00e1roz\u00e1s, hogy a fiamnak sz\u00fcks\u00e9ge van egy locsolkod\u00f3 tariszny\u00e1ra. Az m\u00e1r az \u0151 k\u00e9r\u00e9se volt, hogy a tarisznya legyen j\u00f3 nagy!!!<\/p>\r\n<p style=\"text-align: justify\">\u00a0<\/p>\r\n<p style=\"text-align: justify\">Nos egy tariszny\u00e1t varrni nem nagy kunszt. A feladat ott kezd\u0151dik, hogy legyen pasis, de h\u00fasv\u00e9ti \u00e9s ne legyen bab\u00e1s! Mert ciki tariszny\u00e1val m\u00e9gsem mehet\u00fcnk locsolkodni. Ez\u00e9rt esett a v\u00e1laszt\u00e1s a cs\u00edkos anyagra \u00e9s az applik\u00e1l\u00e1sra. Egy jelz\u00e9s\u00e9rt\u00e9k\u0171 ny\u00fallal.<\/p>\r\n<p style=\"text-align: justify\">\u00a0<\/p>\r\n<p style=\"text-align: justify\">Hogyan varrjunk m\u00e9gis tariszny\u00e1t?<\/p>\r\n<p style=\"text-align: justify\">\u00a0<\/p>\r\n<p style=\"text-align: justify\">Tal\u00e1ljuk ki, hogy mekkora legyen! A k\u00edv\u00e1nt m\u00e9rethez ne felejts\u00e9tek el hozz\u00e1adni a varr\u00e1ssz\u00e9less\u00e9get! \u00c1ltal\u00e1ban 1-1 cm-t szoktunk, b\u00e1r mindenki maga tudja, hogy milyen varr\u00e1ssz\u00e9less\u00e9ggel szeret dolgozni. K\u00e9tszer szabjuk a kiv\u00e1lasztott anyagot (eleje \u00e9s h\u00e1tulja), valamint a b\u00e9l\u00e9st is. Sz\u00ednt sz\u00ednre ford\u00edtva 3 oldal\u00e1n \u00f6sszevarrjuk a tarisznya k\u00fcls\u0151 oldal\u00e1t \u00e9s ugyanezt tessz\u00fck a b\u00e9l\u00e9ssel is. A varr\u00e1s elej\u00e9n \u00e9s v\u00e9g\u00e9n az \"er\u0151s\u00edt\u00e9st\" se hagyjuk el! (P\u00e1r \u00f6lt\u00e9st varrunk el\u0151re, majd vissza \u00e9s \u00fajra ind\u00edtjuk a varr\u00e1st. Ezzel tudjuk megel\u0151zni, hogy kibomoljon a varr\u00e1sunk.) \u00cdgy lesz k\u00e9t tasakunk.<\/p>\r\n<p style=\"text-align: justify\">\u00a0<\/p>\r\n<p style=\"text-align: justify\">K\u00e9sz\u00edts\u00fck el a p\u00e1ntot! Lem\u00e9rj\u00fck a k\u00edv\u00e1nt hossz\u00fas\u00e1g\u00fa anyagot \u00e9s a k\u00edv\u00e1nt p\u00e1nt sz\u00e9less\u00e9g\u00e9nek a dupl\u00e1j\u00e1t szabjuk, nem feledkezve meg a varr\u00e1ssz\u00e9less\u00e9gr\u0151l. F\u00e9lbehajtjuk \u00fagy, hogy a fon\u00e1k oldal\u00e1t l\u00e1ssuk, \u00e9s \u00f6sszevarrjuk hossz\u00e1ban. Ezut\u00e1n kiford\u00edtjuk \u00e9s megvasaljuk a p\u00e1ntot. Ha igaz\u00e1n sz\u00e9pet szeretn\u00e9nk k\u00e9sz\u00edteni, akkor \u00e9rdemes v\u00e9gigt\u0171zni a p\u00e1nt k\u00e9t sz\u00e9l\u00e9t hossz\u00e1ban. \u00cdgy m\u00e1r van egy p\u00e1ntunk is a k\u00e9t tasak mellett.<\/p>\r\n<p style=\"text-align: justify\">\u00a0<\/p>\r\n<p style=\"text-align: justify\">A p\u00e1ntot gombost\u0171vel r\u00f6gz\u00edts\u00fck a tarisznya k\u00fcls\u0151 anyag\u00e1nak sz\u00ednoldal\u00e1hoz, majd kiford\u00edtva a b\u00e9l\u00e9stasakot is helyezz\u00fck el a tariszny\u00e1ban. Arra kell figyeln\u00fcnk, hogy a b\u00e9l\u00e9s \u00e9s a k\u00fcls\u0151 anyagunk sz\u00ednoldalai legyenek egym\u00e1s fel\u00e9. Ha k\u00e9sz vagyunk a tarisznya \u00f6ssze\u00e1ll\u00edt\u00e1s\u00e1val, akkor m\u00e1r csak \u00f6ssze kell varrnunk k\u00f6rbe a tarisznya tetej\u00e9t, \u00fagy, hogy hagyjuk egy kb. 10 cm-es r\u00e9st a kiford\u00edt\u00e1shoz. Kiford\u00edtjuk a tariszny\u00e1t \u00e9s megvasaljuk. M\u00e1s dolgunk m\u00e1r nincs is, csak annyi, hogy k\u00e9zi \u00f6lt\u00e9sekkel lez\u00e1rjuk a r\u00e9st. Aki szeretn\u00e9, term\u00e9szetesen sz\u00e9pen k\u00f6rbe tudja t\u0171zni varr\u00f3g\u00e9ppel a tarisznya tetej\u00e9t, \u00edgy lesz \u201eprofi\u201d a m\u0171v\u00fcnk, \u00e9s nem mellesleg egy plusz tart\u00e1st is ad majd a f\u00fclnek.<\/p>\r\n<p style=\"text-align: center\"><a href=\"https:\/\/ediary.cafeblog.hu\/files\/2016\/03\/20160321_2017081.jpg\"><img class=\"alignnone  wp-image-131\" src=\"https:\/\/ediary.cafeblog.hu\/files\/2016\/03\/20160321_2017081-225x300.jpg\" alt=\"20160321_201708\" width=\"255\" height=\"340\" \/><\/a><\/p>\r\n<p style=\"text-align: justify\">Ez egy alap tarisznya. Kedv\u00fcnk szerint d\u00edsz\u00edthetj\u00fck is. Ak\u00e1r a gyerekek seg\u00edts\u00e9g\u00e9vel is. A g\u00e9pi applik\u00e1ci\u00f3kat mindenk\u00e9ppen \u00e9rdemes m\u00e9g az \u00f6ssze\u00e1ll\u00edt\u00e1s el\u0151tt megtenni, mert az anyagot akkor m\u00e9g k\u00f6nnyebb a g\u00e9p alatt mozgatni.\u00a0Ezzel a metodik\u00e1val k\u00e9sz\u00edthet\u00fcnk t\u00e1sk\u00e1t is magunknak.<\/p>\r\n<p><a href=\"https:\/\/ediary.cafeblog.hu\/files\/2016\/03\/20160321_203438.jpg\"><img class=\" wp-image-128 aligncenter\" src=\"https:\/\/ediary.cafeblog.hu\/files\/2016\/03\/20160321_203438-300x225.jpg\" alt=\"20160321_203438\" width=\"344\" height=\"258\" \/><\/a><\/p>\r\n<p style=\"text-align: justify\">Egy ilyen tariszny\u00e1t m\u00e1r \u00f6r\u00f6m megt\u00f6lteni. Arr\u00f3l nem is besz\u00e9lve, hogy amint elk\u00e9sz\u00fclt, Anna a tank\u00f6nyveit is pr\u00f3b\u00e1lta beletuszkolni. \u00cdgy m\u00e1r az is eld\u0151lt, hogy ny\u00fal-mentes id\u0151szakban mik\u00e9nt is fogjuk hasznos\u00edtani ezt a t\u00falm\u00e9retezett taty\u00f3t.<\/p>\r\n<p style=\"text-align: justify\">\u00a0<\/p>\r\n<p style=\"text-align: justify\">Egyetek j\u00f3 sok sonk\u00e1t, \u00e9lvezz\u00e9tek az egy\u00fctt t\u00f6lt\u00f6tt id\u0151t! J\u00f3 pihen\u00e9st a sok munka ut\u00e1n!<\/p>\r\n<p style=\"text-align: justify\"><a href=\"https:\/\/ediary.cafeblog.hu\/files\/2016\/03\/20160325_203021.jpg\"><img class=\" wp-image-130 aligncenter\" src=\"https:\/\/ediary.cafeblog.hu\/files\/2016\/03\/20160325_203021-300x225.jpg\" alt=\"20160325_203021\" width=\"355\" height=\"266\" \/><\/a><\/p>","type":"rich"}

Edit Nagy kreatív napló

Gyűjtőknek!

<p style="text-align: justify">Ugyan kicsit megkésve, de azért megosztom veletek, hogy készültünk mi erre a mostani „rapid” Húsvétra. Nem nagyon értem, hogy ki állította össze ezt a 2016-os eseménynaptárt, de nem sok időt hagyott nekünk a tojásfestésre. Jól jött volna még pár hét a készülődésre! Végül sikerült beszerezni mindent. Van sonka, van kalács, tojás, jutott torma is - bár az állítólag így az ünnep közeledtével igencsak hiánycikk volt. Most először főztük szabad tűzön, bográcsban a sonkát. Volt értelme nyelni a füstöt! Amíg várakoztunk sütöttünk egy kis kenyérlángost is a kemencében. Na az valami szuper lett!!! Gábor!! Ezúton is köszi!!!</p>
<p style="text-align: justify"> </p>
<p style="text-align: justify">Minden ünnepre felállítok egy koncepciót magamban, hogy mit fogok készíteni, sütni stb. Nagyon komoly álomvárnak kell lennie, mert a végén többnyire megnyirbálom. Így legalább jó eséllyel marad pár értelmes és kivitelezhető ötlet is.</p>
<p style="text-align: justify"> </p>
<p style="text-align: justify">Egy reggel azzal ébredtem, hogy már elég nagy a fiam, akinek az anyukájára azt mondják, hogy kreatív. Na ez a fiúgyermek mégsem mehet reklámtáskával locsolkodni. (Bevallom így négyszemközt, hogy eddig nem is vitt magával soha. Általában a pedagógus keresztanyja volt az, aki gondoskodóan egy zacskót nyomott a gyerek kezébe.) Szóval megszületett az elhatározás, hogy a fiamnak szüksége van egy locsolkodó tarisznyára. Az már az ő kérése volt, hogy a tarisznya legyen jó nagy!!!</p>
<p style="text-align: justify"> </p>
<p style="text-align: justify">Nos egy tarisznyát varrni nem nagy kunszt. A feladat ott kezdődik, hogy legyen pasis, de húsvéti és ne legyen babás! Mert ciki tarisznyával mégsem mehetünk locsolkodni. Ezért esett a választás a csíkos anyagra és az applikálásra. Egy jelzésértékű nyúllal.</p>
<p style="text-align: justify"> </p>
<p style="text-align: justify">Hogyan varrjunk mégis tarisznyát?</p>
<p style="text-align: justify"> </p>
<p style="text-align: justify">Találjuk ki, hogy mekkora legyen! A kívánt mérethez ne felejtsétek el hozzáadni a varrásszélességet! Általában 1-1 cm-t szoktunk, bár mindenki maga tudja, hogy milyen varrásszélességgel szeret dolgozni. Kétszer szabjuk a kiválasztott anyagot (eleje és hátulja), valamint a bélést is. Színt színre fordítva 3 oldalán összevarrjuk a tarisznya külső oldalát és ugyanezt tesszük a béléssel is. A varrás elején és végén az "erősítést" se hagyjuk el! (Pár öltést varrunk előre, majd vissza és újra indítjuk a varrást. Ezzel tudjuk megelőzni, hogy kibomoljon a varrásunk.) Így lesz két tasakunk.</p>
<p style="text-align: justify"> </p>
<p style="text-align: justify">Készítsük el a pántot! Lemérjük a kívánt hosszúságú anyagot és a kívánt pánt szélességének a dupláját szabjuk, nem feledkezve meg a varrásszélességről. Félbehajtjuk úgy, hogy a fonák oldalát lássuk, és összevarrjuk hosszában. Ezután kifordítjuk és megvasaljuk a pántot. Ha igazán szépet szeretnénk készíteni, akkor érdemes végigtűzni a pánt két szélét hosszában. Így már van egy pántunk is a két tasak mellett.</p>
<p style="text-align: justify"> </p>
<p style="text-align: justify">A pántot gombostűvel rögzítsük a tarisznya külső anyagának színoldalához, majd kifordítva a béléstasakot is helyezzük el a tarisznyában. Arra kell figyelnünk, hogy a bélés és a külső anyagunk színoldalai legyenek egymás felé. Ha kész vagyunk a tarisznya összeállításával, akkor már csak össze kell varrnunk körbe a tarisznya tetejét, úgy, hogy hagyjuk egy kb. 10 cm-es rést a kifordításhoz. Kifordítjuk a tarisznyát és megvasaljuk. Más dolgunk már nincs is, csak annyi, hogy kézi öltésekkel lezárjuk a rést. Aki szeretné, természetesen szépen körbe tudja tűzni varrógéppel a tarisznya tetejét, így lesz „profi” a művünk, és nem mellesleg egy plusz tartást is ad majd a fülnek.</p>
<p style="text-align: center"><a href="https://ediary.cafeblog.hu/files/2016/03/20160321_2017081.jpg"><img class="alignnone  wp-image-131" src="https://ediary.cafeblog.hu/files/2016/03/20160321_2017081-225x300.jpg" alt="20160321_201708" width="255" height="340" /></a></p>
<p style="text-align: justify">Ez egy alap tarisznya. Kedvünk szerint díszíthetjük is. Akár a gyerekek segítségével is. A gépi applikációkat mindenképpen érdemes még az összeállítás előtt megtenni, mert az anyagot akkor még könnyebb a gép alatt mozgatni. Ezzel a metodikával készíthetünk táskát is magunknak.</p>
<p><a href="https://ediary.cafeblog.hu/files/2016/03/20160321_203438.jpg"><img class=" wp-image-128 aligncenter" src="https://ediary.cafeblog.hu/files/2016/03/20160321_203438-300x225.jpg" alt="20160321_203438" width="344" height="258" /></a></p>
<p style="text-align: justify">Egy ilyen tarisznyát már öröm megtölteni. Arról nem is beszélve, hogy amint elkészült, Anna a tankönyveit is próbálta beletuszkolni. Így már az is eldőlt, hogy nyúl-mentes időszakban miként is fogjuk hasznosítani ezt a túlméretezett tatyót.</p>
<p style="text-align: justify"> </p>
<p style="text-align: justify">Egyetek jó sok sonkát, élvezzétek az együtt töltött időt! Jó pihenést a sok munka után!</p>
<p style="text-align: justify"><a href="https://ediary.cafeblog.hu/files/2016/03/20160325_203021.jpg"><img class=" wp-image-130 aligncenter" src="https://ediary.cafeblog.hu/files/2016/03/20160325_203021-300x225.jpg" alt="20160325_203021" width="355" height="266" /></a></p>
